ainder when 218 is divided by 14.
8
Calculate the remainder when 606 is divided by 123.
114
What is the remainder when 484 is divided by 158?
10
What is the remainder when 391 is divided by 71?
36
Calculate the remainder when 260 is divided by 89.
82
Calculate the remainder when 277 is divided by 56.
53
What is the remainder when 122 is divided by 91?
31
What is the remainder when 154 is divided by 26?
24
Calculate the remainder when 2726 is divided by 65.
61
Calculate the remainder when 287 is divided by 25.
12
What is the remainder when 759 is divided by 75?
9
Calculate the remainder when 3495 is divided by 269.
267
Calculate the remainder when 25 is divided by 12.
1
What is the remainder when 123 is divided by 47?
29
What is the remainder when 244 is divided by 7?
6
Calculate the remainder when 58 is divided by 39.
19
Calculate the remainder when 1078 is divided by 90.
88
Calculate the remainder when 393 is divided by 11.
8
Calculate the remainder when 3296 is divided by 1639.
18
What is the remainder when 125 is divided by 9?
8
What is the remainder when 171 is divided by 43?
42
What is the remainder when 758 is divided by 20?
18
What is the remainder when 1089 is divided by 12?
9
Calculate the remainder when 254 is divided by 120.
14
What is the remainder when 164 is divided by 34?
28
Calculate the remainder when 182 is divided by 16.
6
Calculate the remainder when 48 is divided by 17.
14
What is the remainder when 3441 is divided by 264?
9
Calculate the remainder when 1572 is divided by 421.
309
What is the remainder when 184 is divided by 27?
22
What is the remainder when 30 is divided by 11?
8
Calculate the remainder when 164 is divided by 95.
69
Calculate the remainder when 640 is divided by 189.
73
What is the remainder when 72 is divided by 25?
22
What is the remainder when 89 is divided by 45?
44
What is the remainder when 483 is divided by 195?
93
Calculate the remainder when 6899 is divided by 34.
31
What is the remainder when 319 is divided by 28?
11
Calculate the remainder when 802 is divided by 12.
10
Calculate the remainder when 670 is divided by 135.
130
What is the remainder when 397 is divided by 110?
67
Calculate the remainder when 211 is divided by 52.
3
Calculate the remainder when 332 is divided by 45.
17
Calculate the remainder when 2293 is divided by 458.
3
What is the remainder when 36 is divided by 13?
10
Calculate the remainder when 21 is divided by 19.
2
What is the remainder when 394 is divided by 48?
10
Calculate the remainder when 1403 is divided by 52.
51
Calculate the remainder when 388 is divided by 100.
88
Calculate the remainder when 344 is divided by 101.
41
Calculate the remainder when 179 is divided by 63.
53
What is the remainder when 2619 is divided by 20?
19
What is the remainder when 1783 is divided by 586?
25
What is the remainder when 1988 is divided by 17?
16
What is the remainder when 550 is divided by 23?
21
What is the remainder when 48 is divided by 10?
8
Calculate the remainder when 237 is divided by 10.
7
What is the remainder when 101 is divided by 16?
5
Calculate the remainder when 244 is divided by 84.
76
What is the remainder when 629 is divided by 106?
99
Calculate the remainder when 293 is divided by 59.
57
Calculate the remainder when 206 is divided by 98.
10
What is the remainder when 82 is divided by 31?
20
What is the remainder when 178 is divided by 6?
4
What is the remainder when 152 is divided by 22?
20
Calculate the remainder when 241 is divided by 80.
1
What is the remainder when 7587 is divided by 15?
12
What is the remainder when 192 is divided by 36?
12
What is the remainder when 3690 is divided by 52?
50
What is the remainder when 206 is divided by 16?
14
What is the remainder when 4487 is divided by 66?
65
Calculate the remainder when 1698 is divided by 81.
78
Calculate the remainder when 689 is divided by 64.
49
Calculate the remainder when 664 is divided by 20.
4
Calculate the remainder when 2800 is divided by 15.
10
What is the remainder when 2813 is divided by 8?
5
Calculate the remainder when 99 is divided by 33.
0
Calculate the remainder when 463 is divided by 18.
13
What is the remainder when 301 is divided by 95?
16
What is the remainder when 1303 is divided by 647?
9
What is the remainder when 2181 is divided by 37?
35
Calculate the remainder when 140 is divided by 12.
8
What is the remainder when 213 is divided by 72?
69
Calculate the remainder when 7625 is divided by 8.
1
What is the remainder when 8 is divided by 6?
2
What is the remainder when 144 is divided by 25?
19
What is the remainder when 179 is divided by 12?
11
Calculate the remainder when 324 is divided by 106.
6
What is the remainder when 400 is divided by 63?
22
What is the remainder when 592 is divided by 22?
20
What is the remainder when 890 is divided by 27?
26
What is the remainder when 620 is divided by 17?
8
Calculate the remainder when 1474 is divided by 9.
7
What is the remainder when 146 is divided by 10?
6
Calculate the remainder when 767 is divided by 11.
8
Calculate the remainder when 2665 is divided by 157.
153
Calculate the remainder when 53 is divided by 31.
22
What is the remainder when 66975 is divided by 322?
321
What is the remainder when 432 is divided by 97?
44
Calculate the remainder when 408 is divided by 209.
199
Calculate the remainder when 629 is divided by 629.
0
Calculate the remainder when 1076 is divided by 5.
1
What is the remainder when 49 is divided by 11?
5
Calculate the remainder when 513 is divided by 103.
101
What is the remainder when 382 is divided by 77?
74
What is the remainder when 28 is divided by 26?
2
Calculate the remainder when 2242 is divided by 44.
42
What is the remainder when 1317 is divided by 17?
8
Calculate the remainder when 438 is divided by 10.
8
Calculate the remainder when 11375 is divided by 36.
35
What is the remainder when 167 is divided by 13?
11
What is the remainder when 64 is divided by 42?
22
Calculate the remainder when 11 is divided by 11.
0
What is the remainder when 234 is divided by 86?
62
What is the remainder when 116 is divided by 15?
11
Calculate the remainder when 1891 is divided by 136.
123
Calculate the remainder when 484 is divided by 6.
4
Calculate the remainder when 1221 is divided by 206.
191
Calculate the remainder when 194 is divided by 40.
34
Calculate the remainder when 45 is divided by 11.
1
Calculate the remainder when 89 is divided by 45.
44
Calculate the remainder when 733 is divided by 41.
36
Calculate the remainder when 7606 is divided by 24.
22
What is the remainder when 28104 is divided by 385?
384
What is the remainder when 1773 is divided by 86?
53
What is the remainder when 726 is divided by 186?
168
What is the remainder when 606 is divided by 2?
0
What is the remainder when 1161 is divided by 14?
13
Calculate the remainder when 109 is divided by 74.
35
Calculate the remainder when 19677 is divided by 41.
38
Calculate the remainder when 5438 is divided by 16.
14
What is the remainder when 16805 is divided by 88?
85
Calculate the remainder when 133 is divided by 34.
31
Calculate the remainder when 113 is divided by 47.
19
Calculate the remainder when 708 is divided by 166.
44
What is the remainder when 20 is divided by 9?
2
Calculate the remainder when 683 is divided by 29.
16
What is the remainder when 1007 is divided by 21?
20
Calculate the remainder when 520 is divided by 64.
8
What is the remainder when 15 is divided by 4?
3
Calculate the remainder when 22 is divided by 19.
3
Calculate the remainder when 25957 is divided by 295.
292
What is the remainder when 383 is divided by 24?
23
What is the remainder when 196 is divided by 97?
2
Calculate the remainder when 1024 is divided by 312.
88
Calculate the remainder when 797 is divided by 4.
1
What is the remainder when 458 is divided by 260?
198
What is the remainder when 118 is divided by 43?
32
What is the remainder when 116 is divided by 30?
26
Calculate the remainder when 600 is divided by 146.
16
What is the remainder when 2195 is divided by 18?
17
What is the remainder when 107 is divided by 23?
15
Calculate the remainder when 42974 is divided by 272.
270
Calculate the remainder when 10315 is divided by 14.
11
What is the remainder when 5